CRAN Package Check Results for Package DIconvex

Last updated on 2024-04-22 21:52:41 CEST.

Flavor Version Tinstall Tcheck Ttotal Status Flags
r-devel-linux-x86_64-debian-clang 1.0.0 2.23 22.28 24.51 NOTE
r-devel-linux-x86_64-debian-gcc 1.0.0 1.39 16.97 18.36 NOTE
r-devel-linux-x86_64-fedora-clang 1.0.0 30.56 NOTE
r-devel-linux-x86_64-fedora-gcc 1.0.0 29.17 NOTE
r-prerel-macos-arm64 1.0.0 14.00 NOTE
r-prerel-windows-x86_64 1.0.0 3.00 37.00 40.00 NOTE
r-patched-linux-x86_64 1.0.0 1.48 20.92 22.40 NOTE
r-release-linux-x86_64 1.0.0 1.56 21.22 22.78 OK
r-release-macos-arm64 1.0.0 14.00 OK
r-release-macos-x86_64 1.0.0 19.00 OK
r-release-windows-x86_64 1.0.0 4.00 38.00 42.00 OK
r-oldrel-macos-arm64 1.0.0 15.00 OK
r-oldrel-windows-x86_64 1.0.0 4.00 42.00 46.00 OK

Check Details

Version: 1.0.0
Check: Rd files
Result: NOTE checkRd: (-1) DIconvex.Rd:40: Lost braces; missing escapes or markup? 40 | {Paul Schneider <paul.schneider@usi.ch>}{} | ^ Flavors: r-devel-linux-x86_64-debian-clang, r-devel-linux-x86_64-debian-gcc, r-devel-linux-x86_64-fedora-clang, r-devel-linux-x86_64-fedora-gcc, r-prerel-macos-arm64, r-prerel-windows-x86_64, r-patched-linux-x86_64