CRAN Package Check Results for Package DMTL

Last updated on 2024-07-13 19:53:58 CEST.

Flavor Version Tinstall Tcheck Ttotal Status Flags
r-devel-linux-x86_64-debian-clang 0.1.2 3.01 46.88 49.89 NOTE
r-devel-linux-x86_64-debian-gcc 0.1.2 1.94 34.99 36.93 NOTE
r-devel-linux-x86_64-fedora-clang 0.1.2 60.35 NOTE
r-devel-linux-x86_64-fedora-gcc 0.1.2 58.73 NOTE
r-devel-windows-x86_64 0.1.2 4.00 59.00 63.00 NOTE
r-patched-linux-x86_64 0.1.2 3.17 44.95 48.12 NOTE
r-release-linux-x86_64 0.1.2 1.61 44.93 46.54 NOTE
r-release-macos-arm64 0.1.2 24.00 NOTE
r-release-macos-x86_64 0.1.2 37.00 NOTE
r-release-windows-x86_64 0.1.2 4.00 62.00 66.00 NOTE
r-oldrel-macos-arm64 0.1.2 28.00 NOTE
r-oldrel-macos-x86_64 0.1.2 37.00 NOTE
r-oldrel-windows-x86_64 0.1.2 4.00 68.00 72.00 NOTE

Check Details

Version: 0.1.2
Check: package subdirectories
Result: NOTE Problems with news in ‘NEWS.md’: No news entries found. Flavors: r-devel-linux-x86_64-debian-clang, r-devel-linux-x86_64-debian-gcc, r-devel-linux-x86_64-fedora-clang, r-devel-linux-x86_64-fedora-gcc, r-devel-windows-x86_64, r-patched-linux-x86_64, r-release-linux-x86_64, r-release-macos-arm64, r-release-macos-x86_64, r-release-windows-x86_64, r-oldrel-macos-arm64, r-oldrel-macos-x86_64, r-oldrel-windows-x86_64

Version: 0.1.2
Check: LazyData
Result: NOTE 'LazyData' is specified without a 'data' directory Flavors: r-devel-linux-x86_64-debian-clang, r-devel-linux-x86_64-debian-gcc, r-devel-linux-x86_64-fedora-clang, r-devel-linux-x86_64-fedora-gcc, r-devel-windows-x86_64, r-patched-linux-x86_64, r-release-linux-x86_64, r-release-macos-arm64, r-release-macos-x86_64, r-release-windows-x86_64, r-oldrel-macos-arm64, r-oldrel-macos-x86_64, r-oldrel-windows-x86_64