Last updated on 2023-12-04 18:52:13 CET.
Flavor | Version | Tinstall | Tcheck | Ttotal | Status | Flags |
---|---|---|---|---|---|---|
r-devel-linux-x86_64-debian-clang | 1.9 | 102.74 | 281.38 | 384.12 | NOTE | |
r-devel-linux-x86_64-debian-gcc | 1.9 | 71.03 | 197.63 | 268.66 | NOTE | |
r-devel-linux-x86_64-fedora-clang | 1.9 | 494.24 | NOTE | |||
r-devel-linux-x86_64-fedora-gcc | 1.9 | 507.53 | NOTE | |||
r-devel-windows-x86_64 | 1.9 | 74.00 | 217.00 | 291.00 | NOTE | |
r-patched-linux-x86_64 | 1.9 | 79.49 | 267.50 | 346.99 | NOTE | |
r-release-linux-x86_64 | 1.9 | 85.79 | 268.20 | 353.99 | NOTE | |
r-release-macos-arm64 | 1.9 | 137.00 | NOTE | |||
r-release-macos-x86_64 | 1.9 | 225.00 | NOTE | |||
r-release-windows-x86_64 | 1.9 | 97.00 | 283.00 | 380.00 | NOTE | |
r-oldrel-macos-arm64 | 1.9 | 127.00 | NOTE | |||
r-oldrel-macos-x86_64 | 1.9 | 145.00 | NOTE | |||
r-oldrel-windows-x86_64 | 1.9 | 90.00 | 260.00 | 350.00 | OK |
Version: 1.9
Check: C++ specification
Result: NOTE
Specified C++11: please drop specification unless essential
Flavors: r-devel-linux-x86_64-debian-clang, r-devel-linux-x86_64-debian-gcc, r-devel-linux-x86_64-fedora-clang, r-devel-linux-x86_64-fedora-gcc, r-devel-windows-x86_64, r-patched-linux-x86_64, r-release-linux-x86_64, r-release-macos-arm64, r-release-macos-x86_64, r-release-windows-x86_64
Version: 1.9
Check: installed package size
Result: NOTE
installed size is 5.2Mb
sub-directories of 1Mb or more:
libs 4.6Mb
Flavors: r-release-macos-arm64, r-release-macos-x86_64, r-oldrel-macos-arm64, r-oldrel-macos-x86_64