Last updated on 2023-12-04 18:52:13 CET.
Flavor | Version | Tinstall | Tcheck | Ttotal | Status | Flags |
---|---|---|---|---|---|---|
r-devel-linux-x86_64-debian-clang | 3.3 | 164.83 | 336.08 | 500.91 | OK | |
r-devel-linux-x86_64-debian-gcc | 3.3 | 113.84 | 246.12 | 359.96 | OK | |
r-devel-linux-x86_64-fedora-clang | 3.3 | 696.57 | OK | |||
r-devel-linux-x86_64-fedora-gcc | 3.3 | 671.72 | OK | |||
r-devel-windows-x86_64 | 3.3 | 124.00 | 246.00 | 370.00 | OK | |
r-patched-linux-x86_64 | 3.3 | 109.34 | 320.70 | 430.04 | OK | |
r-release-linux-x86_64 | 3.3 | 105.67 | 315.19 | 420.86 | OK | |
r-release-macos-arm64 | 3.3 | 142.00 | NOTE | |||
r-release-macos-x86_64 | 3.3 | 257.00 | NOTE | |||
r-release-windows-x86_64 | 3.3 | 160.00 | 325.00 | 485.00 | OK | |
r-oldrel-macos-arm64 | 3.3 | 121.00 | NOTE | |||
r-oldrel-macos-x86_64 | 3.3 | 189.00 | NOTE | |||
r-oldrel-windows-x86_64 | 3.3 | 159.00 | 331.00 | 490.00 | OK |
Version: 3.3
Check: installed package size
Result: NOTE
installed size is 9.6Mb
sub-directories of 1Mb or more:
data 1.6Mb
libs 7.7Mb
Flavors: r-release-macos-arm64, r-release-macos-x86_64, r-oldrel-macos-arm64, r-oldrel-macos-x86_64