Last updated on 2023-12-09 18:54:14 CET.
Flavor | Version | Tinstall | Tcheck | Ttotal | Status | Flags |
---|---|---|---|---|---|---|
r-devel-linux-x86_64-debian-clang | 2.5-0 | 37.37 | 833.43 | 870.80 | OK | |
r-devel-linux-x86_64-debian-gcc | 2.5-0 | 34.81 | 617.56 | 652.37 | OK | |
r-devel-linux-x86_64-fedora-clang | 2.5-0 | 1100.47 | NOTE | |||
r-devel-linux-x86_64-fedora-gcc | 2.5-0 | 1085.74 | OK | |||
r-devel-windows-x86_64 | 2.5-0 | 39.00 | 571.00 | 610.00 | NOTE | |
r-patched-linux-x86_64 | 2.5-0 | 39.77 | 812.86 | 852.63 | OK | |
r-release-linux-x86_64 | 2.5-0 | 38.18 | 787.56 | 825.74 | OK | |
r-release-macos-arm64 | 2.5-0 | 277.00 | NOTE | |||
r-release-macos-x86_64 | 2.5-0 | 491.00 | NOTE | |||
r-release-windows-x86_64 | 2.5-0 | 52.00 | 761.00 | 813.00 | NOTE | |
r-oldrel-macos-arm64 | 2.5-0 | 231.00 | NOTE | |||
r-oldrel-macos-x86_64 | 2.5-0 | 401.00 | NOTE | |||
r-oldrel-windows-x86_64 | 2.5-0 | 58.00 | 800.00 | 858.00 | NOTE |
Version: 2.5-0
Check: installed package size
Result: NOTE
installed size is 5.6Mb
sub-directories of 1Mb or more:
doc 2.3Mb
Flavors: r-devel-linux-x86_64-fedora-clang, r-devel-windows-x86_64, r-release-macos-arm64, r-release-macos-x86_64, r-release-windows-x86_64, r-oldrel-macos-arm64, r-oldrel-macos-x86_64, r-oldrel-windows-x86_64