Last updated on 2023-12-07 18:49:25 CET.
Flavor | Version | Tinstall | Tcheck | Ttotal | Status | Flags |
---|---|---|---|---|---|---|
r-devel-linux-x86_64-debian-clang | 1.0.2.5 | 2.85 | 26.08 | 28.93 | OK | |
r-devel-linux-x86_64-debian-gcc | 1.0.2.5 | 2.65 | 20.66 | 23.31 | OK | |
r-devel-linux-x86_64-fedora-clang | 1.0.2.5 | 35.68 | NOTE | |||
r-devel-linux-x86_64-fedora-gcc | 1.0.2.5 | 34.76 | NOTE | |||
r-devel-windows-x86_64 | 1.0.2.5 | 5.00 | 39.00 | 44.00 | OK | |
r-patched-linux-x86_64 | 1.0.2.5 | 2.82 | 25.68 | 28.50 | OK | |
r-release-linux-x86_64 | 1.0.2.5 | 3.67 | 25.64 | 29.31 | OK | |
r-release-macos-arm64 | 1.0.2.5 | 18.00 | OK | |||
r-release-macos-x86_64 | 1.0.2.5 | 22.00 | OK | |||
r-release-windows-x86_64 | 1.0.2.5 | 6.00 | 40.00 | 46.00 | OK | |
r-oldrel-macos-arm64 | 1.0.2.5 | 17.00 | OK | |||
r-oldrel-macos-x86_64 | 1.0.2.5 | 22.00 | NOTE | |||
r-oldrel-windows-x86_64 | 1.0.2.5 | 8.00 | 47.00 | 55.00 | OK |
Version: 1.0.2.5
Check: data for non-ASCII characters
Result: NOTE
Note: found 1 marked Latin-1 string
Flavors: r-devel-linux-x86_64-fedora-clang, r-devel-linux-x86_64-fedora-gcc, r-oldrel-macos-x86_64