CRAN Package Check Results for Package DTWUMI

Last updated on 2024-05-23 20:52:28 CEST.

Flavor Version Tinstall Tcheck Ttotal Status Flags
r-devel-linux-x86_64-debian-clang 1.0 2.95 44.61 47.56 NOTE
r-devel-linux-x86_64-debian-gcc 1.0 2.38 32.20 34.58 NOTE
r-devel-linux-x86_64-fedora-clang 1.0 58.42 NOTE
r-devel-linux-x86_64-fedora-gcc 1.0 55.21 NOTE
r-devel-windows-x86_64 1.0 4.00 55.00 59.00 NOTE
r-patched-linux-x86_64 1.0 3.13 41.93 45.06 NOTE
r-release-linux-x86_64 1.0 3.04 41.85 44.89 NOTE
r-release-macos-arm64 1.0 22.00 NOTE
r-release-windows-x86_64 1.0 4.00 55.00 59.00 NOTE
r-oldrel-macos-arm64 1.0 24.00 OK
r-oldrel-macos-x86_64 1.0 31.00 OK
r-oldrel-windows-x86_64 1.0 5.00 57.00 62.00 OK

Check Details

Version: 1.0
Check: Rd files
Result: NOTE checkRd: (-1) DTWUMI_1gap_imputation.Rd:33: Lost braces in \itemize; \value handles \item{}{} directly checkRd: (-1) DTWUMI_1gap_imputation.Rd:34: Lost braces in \itemize; \value handles \item{}{} directly checkRd: (-1) DTWUMI_1gap_imputation.Rd:35: Lost braces in \itemize; \value handles \item{}{} directly checkRd: (-1) DTWUMI_1gap_imputation.Rd:36: Lost braces in \itemize; \value handles \item{}{} directly checkRd: (-1) DTWUMI_1gap_imputation.Rd:37: Lost braces in \itemize; \value handles \item{}{} directly Flavors: r-devel-linux-x86_64-debian-clang, r-devel-linux-x86_64-debian-gcc, r-devel-linux-x86_64-fedora-clang, r-devel-linux-x86_64-fedora-gcc, r-devel-windows-x86_64, r-patched-linux-x86_64, r-release-linux-x86_64, r-release-macos-arm64, r-release-windows-x86_64