Last updated on 2023-12-10 18:52:08 CET.
Flavor | Version | Tinstall | Tcheck | Ttotal | Status | Flags |
---|---|---|---|---|---|---|
r-devel-linux-x86_64-debian-clang | 0.1.5 | 5.60 | 55.81 | 61.41 | NOTE | |
r-devel-linux-x86_64-debian-gcc | 0.1.5 | 5.26 | 44.17 | 49.43 | NOTE | |
r-devel-linux-x86_64-fedora-clang | 0.1.5 | 88.99 | OK | |||
r-devel-linux-x86_64-fedora-gcc | 0.1.5 | 95.14 | OK | |||
r-devel-windows-x86_64 | 0.1.5 | 6.00 | 67.00 | 73.00 | OK | |
r-patched-linux-x86_64 | 0.1.5 | 4.06 | 54.28 | 58.34 | OK | |
r-release-linux-x86_64 | 0.1.5 | 6.14 | 54.33 | 60.47 | OK | |
r-release-macos-arm64 | 0.1.5 | 46.00 | OK | |||
r-release-macos-x86_64 | 0.1.5 | 60.00 | OK | |||
r-release-windows-x86_64 | 0.1.5 | 8.00 | 76.00 | 84.00 | OK | |
r-oldrel-macos-arm64 | 0.1.5 | 37.00 | OK | |||
r-oldrel-macos-x86_64 | 0.1.5 | 55.00 | OK | |||
r-oldrel-windows-x86_64 | 0.1.5 | 8.00 | 79.00 | 87.00 | OK |
Version: 0.1.5
Check: Rd files
Result: NOTE
checkRd: (-1) data_edit.Rd:137: Lost braces
137 | code{data_edit} is a shiny application built on \code{rhandsontable} that is
| ^
Flavors: r-devel-linux-x86_64-debian-clang, r-devel-linux-x86_64-debian-gcc