CRAN Package Check Results for Package DeltaMAN

Last updated on 2023-12-04 18:52:12 CET.

Flavor Version Tinstall Tcheck Ttotal Status Flags
r-devel-linux-x86_64-debian-clang 0.5.0 4.33 29.75 34.08 OK
r-devel-linux-x86_64-debian-gcc 0.5.0 3.34 22.67 26.01 OK
r-devel-linux-x86_64-fedora-clang 0.5.0 41.95 NOTE
r-devel-linux-x86_64-fedora-gcc 0.5.0 40.10 NOTE
r-devel-windows-x86_64 0.5.0 5.00 43.00 48.00 OK
r-patched-linux-x86_64 0.5.0 2.52 29.23 31.75 OK
r-release-linux-x86_64 0.5.0 3.96 28.61 32.57 OK
r-release-macos-arm64 0.5.0 21.00 OK
r-release-macos-x86_64 0.5.0 25.00 OK
r-release-windows-x86_64 0.5.0 5.00 46.00 51.00 OK
r-oldrel-macos-arm64 0.5.0 17.00 NOTE
r-oldrel-macos-x86_64 0.5.0 22.00 NOTE
r-oldrel-windows-x86_64 0.5.0 5.00 47.00 52.00 OK

Check Details

Version: 0.5.0
Check: dependencies in R code
Result: NOTE Namespaces in Imports field not imported from: ‘knitr’ ‘shinyBS’ ‘shinyMatrix’ All declared Imports should be used. Flavors: r-devel-linux-x86_64-fedora-clang, r-devel-linux-x86_64-fedora-gcc, r-oldrel-macos-arm64, r-oldrel-macos-x86_64