Last updated on 2023-12-05 18:49:21 CET.
Flavor | Version | Tinstall | Tcheck | Ttotal | Status | Flags |
---|---|---|---|---|---|---|
r-devel-linux-x86_64-debian-clang | 0.1.6 | 7.48 | 62.76 | 70.24 | NOTE | |
r-devel-linux-x86_64-debian-gcc | 0.1.6 | 5.20 | 46.06 | 51.26 | NOTE | |
r-devel-linux-x86_64-fedora-clang | 0.1.6 | 86.73 | OK | |||
r-devel-linux-x86_64-fedora-gcc | 0.1.6 | 81.59 | OK | |||
r-devel-windows-x86_64 | 0.1.6 | 7.00 | 66.00 | 73.00 | OK | |
r-patched-linux-x86_64 | 0.1.6 | 4.63 | 60.03 | 64.66 | OK | |
r-release-linux-x86_64 | 0.1.6 | 5.07 | 58.83 | 63.90 | OK | |
r-release-macos-arm64 | 0.1.6 | 27.00 | OK | |||
r-release-macos-x86_64 | 0.1.6 | 43.00 | OK | |||
r-release-windows-x86_64 | 0.1.6 | 9.00 | 75.00 | 84.00 | OK | |
r-oldrel-macos-arm64 | 0.1.6 | 23.00 | OK | |||
r-oldrel-macos-x86_64 | 0.1.6 | 32.00 | OK | |||
r-oldrel-windows-x86_64 | 0.1.6 | 10.00 | 79.00 | 89.00 | OK |
Version: 0.1.6
Check: Rd files
Result: NOTE
checkRd: (-1) pval_shapiro.Rd:25: Lost braces in \itemize; meant \describe ?
checkRd: (-1) pval_shapiro.Rd:26: Lost braces in \itemize; meant \describe ?
checkRd: (-1) pval_shapiro.Rd:27: Lost braces in \itemize; meant \describe ?
checkRd: (-1) pval_shapiro.Rd:28: Lost braces in \itemize; meant \describe ?
checkRd: (-1) pval_shapiro.Rd:29: Lost braces in \itemize; meant \describe ?
Flavors: r-devel-linux-x86_64-debian-clang, r-devel-linux-x86_64-debian-gcc