CRAN Package Check Results for Package DendSer

Last updated on 2024-02-24 18:54:47 CET.

Flavor Version Tinstall Tcheck Ttotal Status Flags
r-devel-linux-x86_64-debian-clang 1.0.2 5.19 36.38 41.57 NOTE
r-devel-linux-x86_64-debian-gcc 1.0.2 3.83 29.20 33.03 NOTE
r-devel-linux-x86_64-fedora-clang 1.0.2 58.72 NOTE
r-devel-linux-x86_64-fedora-gcc 1.0.2 48.83 NOTE
r-devel-windows-x86_64 1.0.2 7.00 52.00 59.00 NOTE
r-patched-linux-x86_64 1.0.2 5.18 37.85 43.03 NOTE
r-release-linux-x86_64 1.0.2 3.83 35.57 39.40 NOTE
r-release-macos-arm64 1.0.2 19.00 NOTE
r-release-macos-x86_64 1.0.2 28.00 NOTE
r-release-windows-x86_64 1.0.2 9.00 57.00 66.00 NOTE
r-oldrel-macos-arm64 1.0.2 18.00 OK
r-oldrel-windows-x86_64 1.0.2 9.00 67.00 76.00 OK

Check Details

Version: 1.0.2
Check: Rd files
Result: NOTE checkRd: (-1) DendSer.Rd:50: Escaped LaTeX specials: \& Flavors: r-devel-linux-x86_64-debian-clang, r-devel-linux-x86_64-debian-gcc, r-devel-linux-x86_64-fedora-clang, r-devel-linux-x86_64-fedora-gcc, r-devel-windows-x86_64, r-patched-linux-x86_64, r-release-linux-x86_64, r-release-macos-arm64, r-release-macos-x86_64, r-release-windows-x86_64