Last updated on 2023-12-05 18:49:21 CET.
Flavor | Version | Tinstall | Tcheck | Ttotal | Status | Flags |
---|---|---|---|---|---|---|
r-devel-linux-x86_64-debian-clang | 0.1.4 | 6.50 | 114.34 | 120.84 | NOTE | |
r-devel-linux-x86_64-debian-gcc | 0.1.4 | 5.11 | 84.68 | 89.79 | NOTE | |
r-devel-linux-x86_64-fedora-clang | 0.1.4 | 148.41 | OK | |||
r-devel-linux-x86_64-fedora-gcc | 0.1.4 | 136.55 | OK | |||
r-devel-windows-x86_64 | 0.1.4 | 7.00 | 113.00 | 120.00 | OK | |
r-patched-linux-x86_64 | 0.1.4 | 7.01 | 104.64 | 111.65 | OK | |
r-release-linux-x86_64 | 0.1.4 | 6.81 | 105.09 | 111.90 | OK | |
r-release-macos-arm64 | 0.1.4 | 63.00 | OK | |||
r-release-macos-x86_64 | 0.1.4 | 96.00 | OK | |||
r-release-windows-x86_64 | 0.1.4 | 8.00 | 125.00 | 133.00 | OK | |
r-oldrel-macos-arm64 | 0.1.4 | 82.00 | OK | |||
r-oldrel-macos-x86_64 | 0.1.4 | 76.00 | OK | |||
r-oldrel-windows-x86_64 | 0.1.4 | 9.00 | 129.00 | 138.00 | OK |
Version: 0.1.4
Check: Rd files
Result: NOTE
checkRd: (-1) conifersIP.Rd:9: Lost braces; missing escapes or markup?
9 | \code{conifersIP} {has following variables:}
| ^
checkRd: (-1) conifersIP.Rd:11: Lost braces in \itemize; meant \describe ?
checkRd: (-1) conifersIP.Rd:12: Lost braces in \itemize; meant \describe ?
checkRd: (-1) conifersIP.Rd:13: Lost braces in \itemize; meant \describe ?
checkRd: (-1) conifersIP.Rd:14: Lost braces in \itemize; meant \describe ?
checkRd: (-1) conifersIP.Rd:15: Lost braces in \itemize; meant \describe ?
checkRd: (-1) sync.Rd:22: Lost braces in \itemize; \value handles \item{}{} directly
checkRd: (-1) sync.Rd:23: Lost braces in \itemize; \value handles \item{}{} directly
checkRd: (-1) sync.Rd:24: Lost braces in \itemize; \value handles \item{}{} directly
checkRd: (-1) sync.Rd:25: Lost braces in \itemize; \value handles \item{}{} directly
checkRd: (-1) sync.Rd:26: Lost braces in \itemize; \value handles \item{}{} directly
checkRd: (-1) sync.Rd:27: Lost braces in \itemize; \value handles \item{}{} directly
checkRd: (-1) sync.Rd:28: Lost braces in \itemize; \value handles \item{}{} directly
Flavors: r-devel-linux-x86_64-debian-clang, r-devel-linux-x86_64-debian-gcc