Last updated on 2023-12-07 18:49:25 CET.
Flavor | Version | Tinstall | Tcheck | Ttotal | Status | Flags |
---|---|---|---|---|---|---|
r-devel-linux-x86_64-debian-clang | 1.1 | 2.30 | 22.34 | 24.64 | NOTE | |
r-devel-linux-x86_64-debian-gcc | 1.1 | 1.81 | 17.71 | 19.52 | NOTE | |
r-devel-linux-x86_64-fedora-clang | 1.1 | 30.94 | NOTE | |||
r-devel-linux-x86_64-fedora-gcc | 1.1 | 29.62 | NOTE | |||
r-devel-windows-x86_64 | 1.1 | 3.00 | 40.00 | 43.00 | NOTE | |
r-patched-linux-x86_64 | 1.1 | 2.18 | 22.73 | 24.91 | NOTE | |
r-release-linux-x86_64 | 1.1 | 2.16 | 22.32 | 24.48 | NOTE | |
r-release-macos-arm64 | 1.1 | 14.00 | NOTE | |||
r-release-macos-x86_64 | 1.1 | 18.00 | NOTE | |||
r-release-windows-x86_64 | 1.1 | 2.00 | 39.00 | 41.00 | NOTE | |
r-oldrel-macos-arm64 | 1.1 | 15.00 | NOTE | |||
r-oldrel-macos-x86_64 | 1.1 | 20.00 | NOTE | |||
r-oldrel-windows-x86_64 | 1.1 | 4.00 | 41.00 | 45.00 | NOTE |
Version: 1.1
Check: LazyData
Result: NOTE
'LazyData' is specified without a 'data' directory
Flavors: r-devel-linux-x86_64-debian-clang, r-devel-linux-x86_64-debian-gcc, r-devel-linux-x86_64-fedora-clang, r-devel-linux-x86_64-fedora-gcc, r-devel-windows-x86_64, r-patched-linux-x86_64, r-release-linux-x86_64, r-release-macos-arm64, r-release-macos-x86_64, r-release-windows-x86_64, r-oldrel-macos-arm64, r-oldrel-macos-x86_64, r-oldrel-windows-x86_64