CRAN Package Check Results for Package DiscreteQvalue

Last updated on 2024-07-24 20:52:19 CEST.

Flavor Version Tinstall Tcheck Ttotal Status Flags
r-devel-linux-x86_64-debian-clang 1.1 2.16 22.83 24.99 NOTE
r-devel-linux-x86_64-debian-gcc 1.1 1.71 17.99 19.70 NOTE
r-devel-linux-x86_64-fedora-clang 1.1 32.91 NOTE
r-devel-linux-x86_64-fedora-gcc 1.1 31.30 NOTE
r-devel-windows-x86_64 1.1 3.00 42.00 45.00 NOTE
r-patched-linux-x86_64 1.1 2.42 21.65 24.07 NOTE
r-release-linux-x86_64 1.1 2.17 22.08 24.25 NOTE
r-release-macos-arm64 1.1 15.00 NOTE
r-release-macos-x86_64 1.1 19.00 NOTE
r-release-windows-x86_64 1.1 3.00 40.00 43.00 NOTE
r-oldrel-macos-arm64 1.1 14.00 NOTE
r-oldrel-macos-x86_64 1.1 18.00 NOTE
r-oldrel-windows-x86_64 1.1 3.00 40.00 43.00 NOTE

Check Details

Version: 1.1
Check: LazyData
Result: NOTE 'LazyData' is specified without a 'data' directory Flavors: r-devel-linux-x86_64-debian-clang, r-devel-linux-x86_64-debian-gcc, r-devel-linux-x86_64-fedora-clang, r-devel-linux-x86_64-fedora-gcc, r-devel-windows-x86_64, r-patched-linux-x86_64, r-release-linux-x86_64, r-release-macos-arm64, r-release-macos-x86_64, r-release-windows-x86_64, r-oldrel-macos-arm64, r-oldrel-macos-x86_64, r-oldrel-windows-x86_64