CRAN Package Check Results for Package DisimForMixed

Last updated on 2024-04-22 21:52:41 CEST.

Flavor Version Tinstall Tcheck Ttotal Status Flags
r-devel-linux-x86_64-debian-clang 0.2 1.77 27.08 28.85 NOTE
r-devel-linux-x86_64-debian-gcc 0.2 1.83 21.21 23.04 NOTE
r-devel-linux-x86_64-fedora-clang 0.2 37.34 NOTE
r-devel-linux-x86_64-fedora-gcc 0.2 35.66 NOTE
r-prerel-macos-arm64 0.2 17.00 NOTE
r-prerel-windows-x86_64 0.2 3.00 43.00 46.00 NOTE
r-patched-linux-x86_64 0.2 2.05 26.37 28.42 NOTE
r-release-linux-x86_64 0.2 1.88 26.94 28.82 NOTE
r-release-macos-arm64 0.2 17.00 NOTE
r-release-macos-x86_64 0.2 22.00 NOTE
r-release-windows-x86_64 0.2 4.00 45.00 49.00 NOTE
r-oldrel-macos-arm64 0.2 16.00 NOTE
r-oldrel-windows-x86_64 0.2 4.00 48.00 52.00 NOTE

Check Details

Version: 0.2
Check: LazyData
Result: NOTE 'LazyData' is specified without a 'data' directory Flavors: r-devel-linux-x86_64-debian-clang, r-devel-linux-x86_64-debian-gcc, r-devel-linux-x86_64-fedora-clang, r-devel-linux-x86_64-fedora-gcc, r-prerel-macos-arm64, r-prerel-windows-x86_64, r-patched-linux-x86_64, r-release-linux-x86_64, r-release-macos-arm64, r-release-macos-x86_64, r-release-windows-x86_64, r-oldrel-macos-arm64, r-oldrel-windows-x86_64