CRAN Package Check Results for Package DistributionOptimization

Last updated on 2024-06-13 20:49:06 CEST.

Flavor Version Tinstall Tcheck Ttotal Status Flags
r-devel-linux-x86_64-debian-clang 1.2.6 8.95 67.84 76.79 NOTE
r-devel-linux-x86_64-debian-gcc 1.2.6 0.21 1.60 1.81 ERROR
r-devel-linux-x86_64-fedora-clang 1.2.6 99.45 NOTE
r-devel-linux-x86_64-fedora-gcc 1.2.6 93.56 NOTE
r-devel-windows-x86_64 1.2.6 8.00 68.00 76.00 NOTE
r-patched-linux-x86_64 1.2.6 8.08 64.70 72.78 NOTE
r-release-linux-x86_64 1.2.6 5.50 64.84 70.34 NOTE
r-release-macos-arm64 1.2.6 31.00 NOTE
r-release-macos-x86_64 1.2.6 44.00 NOTE
r-release-windows-x86_64 1.2.6 8.00 84.00 92.00 NOTE
r-oldrel-macos-arm64 1.2.6 29.00 NOTE
r-oldrel-macos-x86_64 1.2.6 43.00 NOTE
r-oldrel-windows-x86_64 1.2.6 12.00 80.00 92.00 NOTE

Check Details

Version: 1.2.6
Check: LazyData
Result: NOTE 'LazyData' is specified without a 'data' directory Flavors: r-devel-linux-x86_64-debian-clang, r-devel-linux-x86_64-fedora-clang, r-devel-linux-x86_64-fedora-gcc, r-devel-windows-x86_64, r-patched-linux-x86_64, r-release-linux-x86_64, r-release-macos-arm64, r-release-macos-x86_64, r-release-windows-x86_64, r-oldrel-macos-arm64, r-oldrel-macos-x86_64, r-oldrel-windows-x86_64

Version: 1.2.6
Check: package dependencies
Result: ERROR Packages required but not available: 'ggplot2', 'AdaptGauss' See section ‘The DESCRIPTION file’ in the ‘Writing R Extensions’ manual. Flavor: r-devel-linux-x86_64-debian-gcc