Last updated on 2023-12-05 18:49:21 CET.
Flavor | Version | Tinstall | Tcheck | Ttotal | Status | Flags |
---|---|---|---|---|---|---|
r-devel-linux-x86_64-debian-clang | 0.6-1 | 4.38 | 36.08 | 40.46 | NOTE | |
r-devel-linux-x86_64-debian-gcc | 0.6-1 | 3.67 | 27.35 | 31.02 | NOTE | |
r-devel-linux-x86_64-fedora-clang | 0.6-1 | 51.97 | OK | |||
r-devel-linux-x86_64-fedora-gcc | 0.6-1 | 53.47 | OK | |||
r-devel-windows-x86_64 | 0.6-1 | 7.00 | 54.00 | 61.00 | OK | |
r-patched-linux-x86_64 | 0.6-1 | 5.14 | 35.21 | 40.35 | OK | |
r-release-linux-x86_64 | 0.6-1 | 4.10 | 35.51 | 39.61 | OK | |
r-release-macos-arm64 | 0.6-1 | 23.00 | OK | |||
r-release-macos-x86_64 | 0.6-1 | 58.00 | OK | |||
r-release-windows-x86_64 | 0.6-1 | 7.00 | 56.00 | 63.00 | OK | |
r-oldrel-macos-arm64 | 0.6-1 | 25.00 | OK | |||
r-oldrel-macos-x86_64 | 0.6-1 | 31.00 | OK | |||
r-oldrel-windows-x86_64 | 0.6-1 | 8.00 | 59.00 | 67.00 | OK |
Version: 0.6-1
Check: Rd files
Result: NOTE
checkRd: (-1) moranTest.Rd:37: Lost braces; missing escapes or markup?
37 | {M(theta)=-(log(y_1-y_0)+log(y_2-y_1)+...+log(y_m-y_m-1))}
| ^
Flavors: r-devel-linux-x86_64-debian-clang, r-devel-linux-x86_64-debian-gcc