Last updated on 2023-12-02 18:53:39 CET.
Flavor | Version | Tinstall | Tcheck | Ttotal | Status | Flags |
---|---|---|---|---|---|---|
r-devel-linux-x86_64-debian-clang | 0.1.1 | 5.39 | 50.95 | 56.34 | NOTE | |
r-devel-linux-x86_64-debian-gcc | 0.1.1 | 3.80 | 38.45 | 42.25 | NOTE | |
r-devel-linux-x86_64-fedora-clang | 0.1.1 | 73.02 | NOTE | |||
r-devel-linux-x86_64-fedora-gcc | 0.1.1 | 78.66 | NOTE | |||
r-devel-windows-x86_64 | 0.1.1 | 6.00 | 65.00 | 71.00 | NOTE | |
r-patched-linux-x86_64 | 0.1.1 | 3.19 | 49.26 | 52.45 | NOTE | |
r-release-linux-x86_64 | 0.1.1 | 3.52 | 48.87 | 52.39 | NOTE | |
r-release-macos-arm64 | 0.1.1 | 36.00 | NOTE | |||
r-release-macos-x86_64 | 0.1.1 | 50.00 | NOTE | |||
r-release-windows-x86_64 | 0.1.1 | 7.00 | 74.00 | 81.00 | NOTE | |
r-oldrel-macos-arm64 | 0.1.1 | 30.00 | NOTE | |||
r-oldrel-macos-x86_64 | 0.1.1 | 42.00 | NOTE | |||
r-oldrel-windows-x86_64 | 0.1.1 | 7.00 | 79.00 | 86.00 | NOTE |
Version: 0.1.1
Check: LazyData
Result: NOTE
'LazyData' is specified without a 'data' directory
Flavors: r-devel-linux-x86_64-debian-clang, r-devel-linux-x86_64-debian-gcc, r-devel-linux-x86_64-fedora-clang, r-devel-linux-x86_64-fedora-gcc, r-devel-windows-x86_64, r-patched-linux-x86_64, r-release-linux-x86_64, r-release-macos-arm64, r-release-macos-x86_64, r-release-windows-x86_64, r-oldrel-macos-arm64, r-oldrel-macos-x86_64, r-oldrel-windows-x86_64
Version: 0.1.1
Check: installed package size
Result: NOTE
installed size is 5.1Mb
sub-directories of 1Mb or more:
extdata 4.8Mb
Flavor: r-devel-linux-x86_64-fedora-clang
Version: 0.1.1
Check: dependencies in R code
Result: NOTE
Namespace in Imports field not imported from: ‘hms’
All declared Imports should be used.
Flavors: r-devel-linux-x86_64-fedora-clang, r-devel-linux-x86_64-fedora-gcc, r-oldrel-macos-arm64, r-oldrel-macos-x86_64