CRAN Package Check Results for Package EGRETci

Last updated on 2024-04-13 19:53:07 CEST.

Flavor Version Tinstall Tcheck Ttotal Status Flags
r-devel-linux-x86_64-debian-clang 2.0.4 6.60 61.55 68.15 OK
r-devel-linux-x86_64-debian-gcc 2.0.4 4.85 46.23 51.08 OK
r-devel-linux-x86_64-fedora-clang 2.0.4 90.30 OK
r-devel-linux-x86_64-fedora-gcc 2.0.4 97.77 OK
r-devel-windows-x86_64 2.0.4 6.00 67.00 73.00 OK
r-patched-linux-x86_64 2.0.4 17.84 58.99 76.83 OK
r-release-linux-x86_64 2.0.4 3.60 53.78 57.38 OK
r-release-macos-arm64 2.0.4 31.00 ERROR
r-release-macos-x86_64 2.0.4 52.00 OK
r-release-windows-x86_64 2.0.4 8.00 75.00 83.00 OK
r-oldrel-macos-arm64 2.0.4 34.00 ERROR
r-oldrel-windows-x86_64 2.0.4 8.00 73.00 81.00 OK

Check Details

Version: 2.0.4
Check: tests
Result: ERROR Running ‘testthat.R’ [1s/1s] Running the tests in ‘tests/testthat.R’ failed. Last 13 lines of output: > library(EGRETci) > test_check("EGRETci") [ FAIL 1 | WARN 0 | SKIP 10 | PASS 16 ] ══ Skipped tests ═══════════════════════════════════════════════════════════════ • On CRAN (10) ══ Failed tests ════════════════════════════════════════════════════════════════ ── Failure ('tests_boot_tests.R:112:3'): paVector ────────────────────────────── `paIndexWinter` not equal to 11:13. Lengths differ: 4 is not 3 [ FAIL 1 | WARN 0 | SKIP 10 | PASS 16 ] Error: Test failures Execution halted Flavors: r-release-macos-arm64, r-oldrel-macos-arm64