CRAN Package Check Results for Package EHRtemporalVariability

Last updated on 2025-01-13 18:49:18 CET.

Flavor Version Tinstall Tcheck Ttotal Status Flags
r-devel-linux-x86_64-debian-clang 1.2.1 7.01 89.21 96.22 OK
r-devel-linux-x86_64-debian-gcc 1.2.1 3.73 62.92 66.65 OK
r-devel-linux-x86_64-fedora-clang 1.2.1 151.54 OK
r-devel-linux-x86_64-fedora-gcc 1.2.1 160.11 OK
r-devel-windows-x86_64 1.2.1 8.00 116.00 124.00 OK
r-patched-linux-x86_64 1.2.1 5.43 84.04 89.47 OK
r-release-linux-x86_64 1.2.1 5.93 83.84 89.77 OK
r-release-macos-arm64 1.2.1 67.00 NOTE
r-release-macos-x86_64 1.2.1 93.00 NOTE
r-release-windows-x86_64 1.2.1 10.00 117.00 127.00 NOTE
r-oldrel-macos-arm64 1.2.1 63.00 NOTE
r-oldrel-macos-x86_64 1.2.1 124.00 NOTE
r-oldrel-windows-x86_64 1.2.1 10.00 141.00 151.00 NOTE

Additional issues

noSuggests

Check Details

Version: 1.2.1
Check: installed package size
Result: NOTE installed size is 10.4Mb sub-directories of 1Mb or more: doc 5.1Mb extdata 5.1Mb Flavors: r-release-macos-arm64, r-release-macos-x86_64, r-release-windows-x86_64, r-oldrel-macos-arm64, r-oldrel-macos-x86_64, r-oldrel-windows-x86_64