Last updated on 2023-11-28 18:49:16 CET.
Flavor | Version | Tinstall | Tcheck | Ttotal | Status | Flags |
---|---|---|---|---|---|---|
r-devel-linux-x86_64-debian-clang | 0.1.0 | 2.89 | 55.04 | 57.93 | OK | |
r-devel-linux-x86_64-debian-gcc | 0.1.0 | 2.31 | 41.96 | 44.27 | OK | |
r-devel-linux-x86_64-fedora-clang | 0.1.0 | 70.89 | OK | |||
r-devel-linux-x86_64-fedora-gcc | 0.1.0 | 79.23 | OK | |||
r-devel-windows-x86_64 | 0.1.0 | 4.00 | 72.00 | 76.00 | OK | |
r-patched-linux-x86_64 | 0.1.0 | 2.52 | 52.73 | 55.25 | OK | |
r-release-linux-x86_64 | 0.1.0 | 2.06 | 52.29 | 54.35 | OK | |
r-release-macos-arm64 | 0.1.0 | 36.00 | OK | |||
r-release-macos-x86_64 | 0.1.0 | 53.00 | NOTE | |||
r-release-windows-x86_64 | 0.1.0 | 6.00 | 75.00 | 81.00 | OK | |
r-oldrel-macos-arm64 | 0.1.0 | 26.00 | OK | |||
r-oldrel-macos-x86_64 | 0.1.0 | 39.00 | OK | |||
r-oldrel-windows-x86_64 | 0.1.0 | 5.00 | 74.00 | 79.00 | OK |
Version: 0.1.0
Check: package dependencies
Result: NOTE
Package suggested but not available for checking: ‘PerformanceAnalytics’
Flavor: r-release-macos-x86_64