CRAN Package Check Results for Package EValue

Last updated on 2023-12-01 18:50:55 CET.

Flavor Version Tinstall Tcheck Ttotal Status Flags
r-devel-linux-x86_64-debian-clang 4.1.3 14.29 152.22 166.51 OK
r-devel-linux-x86_64-debian-gcc 4.1.3 10.77 112.87 123.64 OK
r-devel-linux-x86_64-fedora-clang 4.1.3 201.57 NOTE
r-devel-linux-x86_64-fedora-gcc 4.1.3 208.49 NOTE
r-devel-windows-x86_64 4.1.3 13.00 134.00 147.00 OK
r-patched-linux-x86_64 4.1.3 10.53 145.60 156.13 OK
r-release-linux-x86_64 4.1.3 8.59 144.19 152.78 OK
r-release-macos-arm64 4.1.3 69.00 OK
r-release-macos-x86_64 4.1.3 103.00 OK
r-release-windows-x86_64 4.1.3 16.00 164.00 180.00 OK
r-oldrel-macos-arm64 4.1.3 56.00 NOTE
r-oldrel-macos-x86_64 4.1.3 87.00 NOTE
r-oldrel-windows-x86_64 4.1.3 17.00 166.00 183.00 OK

Check Details

Version: 4.1.3
Check: dependencies in R code
Result: NOTE Namespace in Imports field not imported from: ‘metadat’ All declared Imports should be used. Flavors: r-devel-linux-x86_64-fedora-clang, r-devel-linux-x86_64-fedora-gcc, r-oldrel-macos-arm64, r-oldrel-macos-x86_64