CRAN Package Check Results for Package Ecdat

Last updated on 2024-02-28 18:50:33 CET.

Flavor Version Tinstall Tcheck Ttotal Status Flags
r-devel-linux-x86_64-debian-clang 0.4-2 13.58 73.83 87.41 NOTE
r-devel-linux-x86_64-debian-gcc 0.4-2 10.55 55.61 66.16 NOTE
r-devel-linux-x86_64-fedora-clang 0.4-2 111.23 NOTE
r-devel-linux-x86_64-fedora-gcc 0.4-2 110.41 NOTE
r-devel-windows-x86_64 0.4-2 14.00 101.00 115.00 OK
r-patched-linux-x86_64 0.4-2 25.47 74.41 99.88 OK
r-release-linux-x86_64 0.4-2 11.10 72.60 83.70 OK
r-release-macos-arm64 0.4-2 38.00 OK
r-release-macos-x86_64 0.4-2 58.00 OK
r-release-windows-x86_64 0.4-2 18.00 122.00 140.00 OK
r-oldrel-macos-arm64 0.4-2 31.00 OK
r-oldrel-windows-x86_64 0.4-2 18.00 117.00 135.00 OK

Check Details

Version: 0.4-2
Check: Rd files
Result: NOTE checkRd: (-1) OCC1950.Rd:64: Lost braces 64 | \doi{10.18128/D010.V10.0}{IPUMS USA: Version 10.0 [dataset]. Minneapolis, MN: IPUMS}. | ^ checkRd: (-1) Oil.Rd:45: Lost braces 45 | code{pt-pt-1} on a constant | ^ checkRd: (-1) breaches.Rd:70-74: Lost braces 70 | \code{breach_end}{ | ^ checkRd: (-1) breaches.Rd:75-78: Lost braces 75 | \code{year}{ | ^ checkRd: (-1) nuclearWeaponStates.Rd:82-92: Lost braces in \itemize; meant \describe ? checkRd: (-1) nuclearWeaponStates.Rd:93-103: Lost braces in \itemize; meant \describe ? checkRd: (-1) nuclearWeaponStates.Rd:104-127: Lost braces in \itemize; meant \describe ? checkRd: (-1) nuclearWeaponStates.Rd:128-140: Lost braces in \itemize; meant \describe ? checkRd: (-1) nuclearWeaponStates.Rd:141-150: Lost braces in \itemize; meant \describe ? checkRd: (-1) nuclearWeaponStates.Rd:151-161: Lost braces in \itemize; meant \describe ? checkRd: (-1) nuclearWeaponStates.Rd:162-172: Lost braces in \itemize; meant \describe ? checkRd: (-1) nuclearWeaponStates.Rd:173-191: Lost braces in \itemize; meant \describe ? checkRd: (-1) nuclearWeaponStates.Rd:192-219: Lost braces in \itemize; meant \describe ? Flavors: r-devel-linux-x86_64-debian-clang, r-devel-linux-x86_64-debian-gcc, r-devel-linux-x86_64-fedora-clang, r-devel-linux-x86_64-fedora-gcc