Last updated on 2023-11-30 18:49:28 CET.
Flavor | Version | Tinstall | Tcheck | Ttotal | Status | Flags |
---|---|---|---|---|---|---|
r-devel-linux-x86_64-debian-clang | 1.9-1 | 8.47 | 59.77 | 68.24 | OK | |
r-devel-linux-x86_64-debian-gcc | 1.9-1 | 6.79 | 45.85 | 52.64 | OK | |
r-devel-linux-x86_64-fedora-clang | 1.9-1 | 84.82 | NOTE | |||
r-devel-linux-x86_64-fedora-gcc | 1.9-1 | 80.79 | OK | |||
r-devel-windows-x86_64 | 1.9-1 | 6.00 | 65.00 | 71.00 | OK | |
r-patched-linux-x86_64 | 1.9-1 | 8.25 | 57.84 | 66.09 | OK | |
r-release-linux-x86_64 | 1.9-1 | 7.43 | 58.33 | 65.76 | OK | |
r-release-macos-arm64 | 1.9-1 | 28.00 | OK | |||
r-release-macos-x86_64 | 1.9-1 | 51.00 | NOTE | |||
r-release-windows-x86_64 | 1.9-1 | 7.00 | 73.00 | 80.00 | OK | |
r-oldrel-macos-arm64 | 1.9-1 | 28.00 | OK | |||
r-oldrel-macos-x86_64 | 1.9-1 | 36.00 | OK | |||
r-oldrel-windows-x86_64 | 1.9-1 | 10.00 | 78.00 | 88.00 | OK |
Version: 1.9-1
Check: Rd cross-references
Result: NOTE
Undeclared packages ‘carData’, ‘faraway’ in Rd xrefs
Flavor: r-devel-linux-x86_64-fedora-clang
Version: 1.9-1
Check: Rd cross-references
Result: NOTE
Package unavailable to check Rd xrefs: ‘faraway’
Flavor: r-release-macos-x86_64