Last updated on 2023-11-29 18:48:45 CET.
Flavor | Version | Tinstall | Tcheck | Ttotal | Status | Flags |
---|---|---|---|---|---|---|
r-devel-linux-x86_64-debian-clang | 0.1-3 | 4.08 | 39.12 | 43.20 | OK | |
r-devel-linux-x86_64-debian-gcc | 0.1-3 | 3.21 | 30.28 | 33.49 | OK | |
r-devel-linux-x86_64-fedora-clang | 0.1-3 | 53.28 | NOTE | |||
r-devel-linux-x86_64-fedora-gcc | 0.1-3 | 52.66 | OK | |||
r-devel-windows-x86_64 | 0.1-3 | 4.00 | 55.00 | 59.00 | OK | |
r-patched-linux-x86_64 | 0.1-3 | 4.06 | 39.08 | 43.14 | OK | |
r-release-linux-x86_64 | 0.1-3 | 3.57 | 38.79 | 42.36 | OK | |
r-release-macos-arm64 | 0.1-3 | 21.00 | OK | |||
r-release-macos-x86_64 | 0.1-3 | 36.00 | NOTE | |||
r-release-windows-x86_64 | 0.1-3 | 5.00 | 57.00 | 62.00 | OK | |
r-oldrel-macos-arm64 | 0.1-3 | 23.00 | OK | |||
r-oldrel-macos-x86_64 | 0.1-3 | 29.00 | OK | |||
r-oldrel-windows-x86_64 | 0.1-3 | 6.00 | 61.00 | 67.00 | OK |
Version: 0.1-3
Check: Rd cross-references
Result: NOTE
Undeclared package ‘carData’ in Rd xrefs
Flavor: r-devel-linux-x86_64-fedora-clang
Version: 0.1-3
Check: package dependencies
Result: NOTE
Packages suggested but not available for checking: 'DIFboost', 'VGAMdata'
Flavor: r-release-macos-x86_64
Version: 0.1-3
Check: Rd cross-references
Result: NOTE
Package unavailable to check Rd xrefs: ‘DIFboost’
Flavor: r-release-macos-x86_64