Last updated on 2023-11-28 18:49:16 CET.
Flavor | Version | Tinstall | Tcheck | Ttotal | Status | Flags |
---|---|---|---|---|---|---|
r-devel-linux-x86_64-debian-clang | 0.29.4 | 30.87 | 106.37 | 137.24 | OK | |
r-devel-linux-x86_64-debian-gcc | 0.29.4 | 25.26 | 93.48 | 118.74 | OK | |
r-devel-linux-x86_64-fedora-clang | 0.29.4 | 186.19 | NOTE | |||
r-devel-linux-x86_64-fedora-gcc | 0.29.4 | 203.68 | OK | |||
r-devel-windows-x86_64 | 0.29.4 | 28.00 | 144.00 | 172.00 | NOTE | |
r-patched-linux-x86_64 | 0.29.4 | 29.45 | 116.43 | 145.88 | OK | |
r-release-linux-x86_64 | 0.29.4 | 31.10 | 110.13 | 141.23 | OK | |
r-release-macos-arm64 | 0.29.4 | 79.00 | OK | |||
r-release-macos-x86_64 | 0.29.4 | 129.00 | OK | |||
r-release-windows-x86_64 | 0.29.4 | 35.00 | 152.00 | 187.00 | NOTE | |
r-oldrel-macos-arm64 | 0.29.4 | 74.00 | OK | |||
r-oldrel-macos-x86_64 | 0.29.4 | 86.00 | OK | |||
r-oldrel-windows-x86_64 | 0.29.4 | 34.00 | 151.00 | 185.00 | OK |
Version: 0.29.4
Check: Rd cross-references
Result: NOTE
Undeclared package ‘EloRating’ in Rd xrefs
Flavor: r-devel-linux-x86_64-fedora-clang
Version: 0.29.4
Check: C++ specification
Result: NOTE
Specified C++11: please drop specification unless essential
Flavors: r-devel-windows-x86_64, r-release-windows-x86_64