Last updated on 2023-12-04 18:52:14 CET.
Flavor | Version | Tinstall | Tcheck | Ttotal | Status | Flags |
---|---|---|---|---|---|---|
r-devel-linux-x86_64-debian-clang | 2.4-2 | 7.04 | 85.02 | 92.06 | OK | |
r-devel-linux-x86_64-debian-gcc | 2.4-2 | 5.58 | 63.46 | 69.04 | OK | |
r-devel-linux-x86_64-fedora-clang | 2.4-2 | 115.22 | NOTE | |||
r-devel-linux-x86_64-fedora-gcc | 2.4-2 | 125.12 | NOTE | |||
r-devel-windows-x86_64 | 2.4-2 | 7.00 | 135.00 | 142.00 | OK | |
r-patched-linux-x86_64 | 2.4-2 | 6.46 | 78.38 | 84.84 | OK | |
r-release-linux-x86_64 | 2.4-2 | 6.30 | 79.13 | 85.43 | OK | |
r-release-macos-arm64 | 2.4-2 | 43.00 | OK | |||
r-release-macos-x86_64 | 2.4-2 | 61.00 | OK | |||
r-release-windows-x86_64 | 2.4-2 | 9.00 | 90.00 | 99.00 | OK | |
r-oldrel-macos-arm64 | 2.4-2 | 37.00 | NOTE | |||
r-oldrel-macos-x86_64 | 2.4-2 | 64.00 | NOTE | |||
r-oldrel-windows-x86_64 | 2.4-2 | 9.00 | 96.00 | 105.00 | OK |
Version: 2.4-2
Check: dependencies in R code
Result: NOTE
Namespace in Imports field not imported from: ‘tibble’
All declared Imports should be used.
Flavors: r-devel-linux-x86_64-fedora-clang, r-devel-linux-x86_64-fedora-gcc, r-oldrel-macos-arm64, r-oldrel-macos-x86_64