Last updated on 2023-12-05 18:49:22 CET.
Flavor | Version | Tinstall | Tcheck | Ttotal | Status | Flags |
---|---|---|---|---|---|---|
r-devel-linux-x86_64-debian-clang | 0.0.1 | 5.19 | 49.94 | 55.13 | NOTE | |
r-devel-linux-x86_64-debian-gcc | 0.0.1 | 3.71 | 38.69 | 42.40 | NOTE | |
r-devel-linux-x86_64-fedora-clang | 0.0.1 | 70.19 | OK | |||
r-devel-linux-x86_64-fedora-gcc | 0.0.1 | 77.75 | OK | |||
r-devel-windows-x86_64 | 0.0.1 | 6.00 | 59.00 | 65.00 | OK | |
r-patched-linux-x86_64 | 0.0.1 | 8.29 | 48.26 | 56.55 | OK | |
r-release-linux-x86_64 | 0.0.1 | 3.94 | 48.26 | 52.20 | OK | |
r-release-macos-arm64 | 0.0.1 | 33.00 | OK | |||
r-release-macos-x86_64 | 0.0.1 | 49.00 | OK | |||
r-release-windows-x86_64 | 0.0.1 | 6.00 | 63.00 | 69.00 | OK | |
r-oldrel-macos-arm64 | 0.0.1 | 31.00 | OK | |||
r-oldrel-macos-x86_64 | 0.0.1 | 35.00 | OK | |||
r-oldrel-windows-x86_64 | 0.0.1 | 7.00 | 68.00 | 75.00 | OK |
Version: 0.0.1
Check: Rd files
Result: NOTE
checkRd: (-1) EpiForsk-package.Rd:19: Lost braces in \itemize; meant \describe ?
checkRd: (-1) EpiForsk-package.Rd:20: Lost braces in \itemize; meant \describe ?
checkRd: (-1) EpiForsk-package.Rd:21: Lost braces in \itemize; meant \describe ?
checkRd: (-1) EpiForsk-package.Rd:22: Lost braces in \itemize; meant \describe ?
checkRd: (-1) EpiForsk-package.Rd:23: Lost braces in \itemize; meant \describe ?
checkRd: (-1) charlson_score.Rd:65-68: Lost braces in \itemize; meant \describe ?
checkRd: (-1) charlson_score.Rd:69-73: Lost braces in \itemize; meant \describe ?
checkRd: (-1) charlson_score.Rd:74-77: Lost braces in \itemize; meant \describe ?
Flavors: r-devel-linux-x86_64-debian-clang, r-devel-linux-x86_64-debian-gcc