Last updated on 2023-12-06 18:52:43 CET.
Flavor | Version | Tinstall | Tcheck | Ttotal | Status | Flags |
---|---|---|---|---|---|---|
r-devel-linux-x86_64-debian-clang | 3.0.2 | 25.61 | 52.28 | 77.89 | OK | |
r-devel-linux-x86_64-debian-gcc | 3.0.2 | 15.88 | 39.28 | 55.16 | OK | |
r-devel-linux-x86_64-fedora-clang | 3.0.2 | 102.60 | OK | |||
r-devel-linux-x86_64-fedora-gcc | 3.0.2 | 108.39 | OK | |||
r-devel-windows-x86_64 | 3.0.2 | 21.00 | 76.00 | 97.00 | NOTE | |
r-patched-linux-x86_64 | 3.0.2 | 18.63 | 49.62 | 68.25 | OK | |
r-release-linux-x86_64 | 3.0.2 | 17.66 | 49.96 | 67.62 | OK | |
r-release-macos-arm64 | 3.0.2 | 43.00 | OK | |||
r-release-macos-x86_64 | 3.0.2 | 63.00 | OK | |||
r-release-windows-x86_64 | 3.0.2 | 27.00 | 86.00 | 113.00 | NOTE | |
r-oldrel-macos-arm64 | 3.0.2 | 50.00 | OK | |||
r-oldrel-macos-x86_64 | 3.0.2 | 54.00 | OK | |||
r-oldrel-windows-x86_64 | 3.0.2 | 23.00 | 83.00 | 106.00 | NOTE |
Version: 3.0.2
Check: installed package size
Result: NOTE
installed size is 5.2Mb
sub-directories of 1Mb or more:
extdata 4.0Mb
libs 1.0Mb
Flavors: r-devel-windows-x86_64, r-release-windows-x86_64, r-oldrel-windows-x86_64