Last updated on 2023-11-29 18:48:45 CET.
Flavor | Version | Tinstall | Tcheck | Ttotal | Status | Flags |
---|---|---|---|---|---|---|
r-devel-linux-x86_64-debian-clang | 0.8.0 | 34.49 | 494.87 | 529.36 | NOTE | |
r-devel-linux-x86_64-debian-gcc | 0.8.0 | 32.20 | 367.67 | 399.87 | NOTE | |
r-devel-linux-x86_64-fedora-clang | 0.8.0 | 706.98 | NOTE | |||
r-devel-linux-x86_64-fedora-gcc | 0.8.0 | 692.30 | OK | |||
r-devel-windows-x86_64 | 0.8.0 | 28.00 | 404.00 | 432.00 | OK | |
r-patched-linux-x86_64 | 0.8.0 | 30.49 | 471.55 | 502.04 | OK | |
r-release-linux-x86_64 | 0.8.0 | 23.25 | 473.64 | 496.89 | OK | |
r-release-macos-arm64 | 0.8.0 | 198.00 | OK | |||
r-release-macos-x86_64 | 0.8.0 | 342.00 | OK | |||
r-release-windows-x86_64 | 0.8.0 | 40.00 | 512.00 | 552.00 | OK | |
r-oldrel-macos-arm64 | 0.8.0 | 151.00 | NOTE | |||
r-oldrel-macos-x86_64 | 0.8.0 | 215.00 | OK | |||
r-oldrel-windows-x86_64 | 0.8.0 | 40.00 | 494.00 | 534.00 | OK |
Version: 0.8.0
Check: Rd files
Result: NOTE
checkRd: (-1) Normatiza.Rd:60: Lost braces
60 | /code{/link{gray_scale}/}
| ^
checkRd: (-1) Normatiza.Rd:60: Lost braces
60 | /code{/link{gray_scale}/}
| ^
Flavors: r-devel-linux-x86_64-debian-clang, r-devel-linux-x86_64-debian-gcc
Version: 0.8.0
Check: installed package size
Result: NOTE
installed size is 5.0Mb
sub-directories of 1Mb or more:
doc 3.4Mb
images 1.1Mb
Flavors: r-devel-linux-x86_64-fedora-clang, r-oldrel-macos-arm64