Last updated on 2023-12-01 18:50:56 CET.
Flavor | Version | Tinstall | Tcheck | Ttotal | Status | Flags |
---|---|---|---|---|---|---|
r-devel-linux-x86_64-debian-clang | 0.2.0 | 85.69 | 815.59 | 901.28 | OK | |
r-devel-linux-x86_64-debian-gcc | 0.2.0 | 54.33 | 382.31 | 436.64 | OK | |
r-devel-linux-x86_64-fedora-clang | 0.2.0 | 837.77 | OK | |||
r-devel-linux-x86_64-fedora-gcc | 0.2.0 | 700.18 | OK | |||
r-devel-windows-x86_64 | 0.2.0 | 53.00 | 405.00 | 458.00 | OK | |
r-patched-linux-x86_64 | 0.2.0 | 47.97 | 475.65 | 523.62 | OK | |
r-release-linux-x86_64 | 0.2.0 | 43.97 | 477.20 | 521.17 | OK | |
r-release-macos-arm64 | 0.2.0 | 186.00 | NOTE | |||
r-release-macos-x86_64 | 0.2.0 | 546.00 | NOTE | |||
r-release-windows-x86_64 | 0.2.0 | 71.00 | 465.00 | 536.00 | OK | |
r-oldrel-macos-arm64 | 0.2.0 | 212.00 | NOTE | |||
r-oldrel-macos-x86_64 | 0.2.0 | 268.00 | NOTE | |||
r-oldrel-windows-x86_64 | 0.2.0 | 67.00 | 454.00 | 521.00 | OK |
Version: 0.2.0
Check: installed package size
Result: NOTE
installed size is 5.3Mb
sub-directories of 1Mb or more:
libs 4.2Mb
Flavors: r-release-macos-arm64, r-release-macos-x86_64, r-oldrel-macos-arm64, r-oldrel-macos-x86_64