Last updated on 2023-12-02 18:53:41 CET.
Flavor | Version | Tinstall | Tcheck | Ttotal | Status | Flags |
---|---|---|---|---|---|---|
r-devel-linux-x86_64-debian-clang | 1.3.0 | 3533.12 | 331.52 | 3864.64 | NOTE | |
r-devel-linux-x86_64-debian-gcc | 1.3.0 | 2639.51 | 431.08 | 3070.59 | NOTE | |
r-devel-windows-x86_64 | 1.3.0 | 2088.00 | 447.00 | 2535.00 | NOTE | |
r-patched-linux-x86_64 | 1.3.0 | 2452.69 | 543.09 | 2995.78 | NOTE | |
r-release-linux-x86_64 | 1.3.0 | 2539.04 | 538.85 | 3077.89 | NOTE | |
r-release-macos-arm64 | 1.3.0 | 910.00 | NOTE | |||
r-release-macos-x86_64 | 1.3.0 | 984.00 | NOTE | |||
r-release-windows-x86_64 | 1.3.0 | 2806.00 | 599.00 | 3405.00 | NOTE | |
r-oldrel-macos-arm64 | 1.3.0 | 971.00 | NOTE | |||
r-oldrel-macos-x86_64 | 1.3.0 | 1614.00 | NOTE | |||
r-oldrel-windows-x86_64 | 1.3.0 | 2513.00 | 518.00 | 3031.00 | NOTE |
Version: 1.3.0
Check: for GNU extensions in Makefiles
Result: NOTE
GNU make is a SystemRequirements.
Flavors: r-devel-linux-x86_64-debian-clang, r-devel-linux-x86_64-debian-gcc, r-devel-windows-x86_64, r-patched-linux-x86_64, r-release-linux-x86_64, r-release-macos-arm64, r-release-macos-x86_64, r-release-windows-x86_64, r-oldrel-macos-arm64, r-oldrel-macos-x86_64, r-oldrel-windows-x86_64
Version: 1.3.0
Check: installed package size
Result: NOTE
installed size is 23.6Mb
sub-directories of 1Mb or more:
libs 22.5Mb
Flavors: r-devel-windows-x86_64, r-release-macos-arm64, r-release-macos-x86_64, r-release-windows-x86_64, r-oldrel-macos-arm64, r-oldrel-macos-x86_64, r-oldrel-windows-x86_64