CRAN Package Check Results for Package FlowScreen

Last updated on 2024-02-20 18:49:23 CET.

Flavor Version Tinstall Tcheck Ttotal Status Flags
r-devel-linux-x86_64-debian-clang 1.2.6 OK
r-devel-linux-x86_64-debian-gcc 1.2.6 4.48 42.75 47.23 OK
r-devel-linux-x86_64-fedora-clang 1.2.6 79.99 NOTE
r-devel-linux-x86_64-fedora-gcc 1.2.6 78.40 OK
r-devel-windows-x86_64 1.2.6 7.00 71.00 78.00 OK
r-patched-linux-x86_64 1.2.6 8.71 57.95 66.66 OK
r-release-linux-x86_64 1.2.6 4.82 57.57 62.39 OK
r-release-macos-arm64 1.2.6 26.00 OK
r-release-macos-x86_64 1.2.6 48.00 OK
r-release-windows-x86_64 1.2.6 8.00 79.00 87.00 OK
r-oldrel-macos-arm64 1.2.6 27.00 OK
r-oldrel-windows-x86_64 1.2.6 9.00 77.00 86.00 OK

Check Details

Version: 1.2.6
Check: Rd cross-references
Result: NOTE Undeclared package ‘Kendall’ in Rd xrefs Flavor: r-devel-linux-x86_64-fedora-clang