CRAN Package Check Results for Package FunWithNumbers

Last updated on 2024-04-22 21:52:45 CEST.

Flavor Version Tinstall Tcheck Ttotal Status Flags
r-devel-linux-x86_64-debian-clang 1.2 5.79 48.47 54.26 OK
r-devel-linux-x86_64-debian-gcc 1.2 3.85 35.12 38.97 OK
r-devel-linux-x86_64-fedora-clang 1.2 64.61 OK
r-devel-linux-x86_64-fedora-gcc 1.2 62.04 OK
r-prerel-macos-arm64 1.2 24.00 OK
r-prerel-macos-x86_64 1.2 57.00 OK
r-prerel-windows-x86_64 1.2 5.00 55.00 60.00 OK
r-patched-linux-x86_64 1.2 5.42 44.71 50.13 OK
r-release-linux-x86_64 1.2 5.16 46.53 51.69 OK
r-release-macos-arm64 1.2 26.00 OK
r-release-macos-x86_64 1.2 55.00 OK
r-release-windows-x86_64 1.2 6.00 60.00 66.00 OK
r-oldrel-macos-arm64 1.2 28.00 ERROR
r-oldrel-windows-x86_64 1.2 7.00 66.00 73.00 ERROR

Check Details

Version: 1.2
Check: examples
Result: ERROR Running examples in ‘FunWithNumbers-Ex.R’ failed The error most likely occurred in: > ### Name: aliquot > ### Title: Generate the Aliquot Sequence. > ### Aliases: aliquot > > ### ** Examples > > aliquot(20) Error in if (aliseq[j] %in% aliseq[1:(j - 1)]) { : the condition has length > 1 Calls: aliquot Execution halted Flavors: r-oldrel-macos-arm64, r-oldrel-windows-x86_64