Last updated on 2023-05-31 20:57:08 CEST.
Flavor | Version | Tinstall | Tcheck | Ttotal | Status | Flags |
---|---|---|---|---|---|---|
r-devel-linux-x86_64-debian-clang | 1.0 | 18.64 | 163.87 | 182.51 | OK | |
r-devel-linux-x86_64-debian-gcc | 1.0 | 17.54 | 121.11 | 138.65 | OK | |
r-devel-linux-x86_64-fedora-clang | 1.0 | 222.70 | NOTE | |||
r-devel-linux-x86_64-fedora-gcc | 1.0 | 225.06 | NOTE | |||
r-devel-windows-x86_64 | 1.0 | 19.00 | 131.00 | 150.00 | OK | |
r-patched-linux-x86_64 | 1.0 | OK | ||||
r-release-linux-x86_64 | 1.0 | 17.52 | 149.83 | 167.35 | OK | |
r-release-macos-arm64 | 1.0 | 66.00 | OK | |||
r-release-macos-x86_64 | 1.0 | 107.00 | OK | |||
r-release-windows-x86_64 | 1.0 | 25.00 | 162.00 | 187.00 | OK | |
r-oldrel-macos-arm64 | 1.0 | 56.00 | NOTE | |||
r-oldrel-macos-x86_64 | 1.0 | 101.00 | NOTE | |||
r-oldrel-windows-x86_64 | 1.0 | 24.00 | 161.00 | 185.00 | OK |
Version: 1.0
Check: dependencies in R code
Result: NOTE
Namespace in Imports field not imported from: ‘foreach’
All declared Imports should be used.
Flavors: r-devel-linux-x86_64-fedora-clang, r-devel-linux-x86_64-fedora-gcc, r-oldrel-macos-arm64, r-oldrel-macos-x86_64