Last updated on 2023-11-28 18:49:19 CET.
Flavor | Version | Tinstall | Tcheck | Ttotal | Status | Flags |
---|---|---|---|---|---|---|
r-devel-linux-x86_64-debian-clang | 0.3.3 | 5.30 | 75.11 | 80.41 | NOTE | |
r-devel-linux-x86_64-debian-gcc | 0.3.3 | 6.26 | 55.86 | 62.12 | NOTE | |
r-devel-linux-x86_64-fedora-clang | 0.3.3 | 103.49 | NOTE | |||
r-devel-linux-x86_64-fedora-gcc | 0.3.3 | 111.78 | NOTE | |||
r-devel-windows-x86_64 | 0.3.3 | 7.00 | 75.00 | 82.00 | NOTE | |
r-patched-linux-x86_64 | 0.3.3 | 8.02 | 72.47 | 80.49 | NOTE | |
r-release-linux-x86_64 | 0.3.3 | 4.69 | 72.38 | 77.07 | NOTE | |
r-release-macos-arm64 | 0.3.3 | 45.00 | NOTE | |||
r-release-macos-x86_64 | 0.3.3 | 53.00 | NOTE | |||
r-release-windows-x86_64 | 0.3.3 | 10.00 | 85.00 | 95.00 | NOTE | |
r-oldrel-macos-arm64 | 0.3.3 | 29.00 | NOTE | |||
r-oldrel-macos-x86_64 | 0.3.3 | 67.00 | NOTE | |||
r-oldrel-windows-x86_64 | 0.3.3 | 10.00 | 95.00 | 105.00 | NOTE |
Version: 0.3.3
Check: package dependencies
Result: NOTE
Package suggested but not available for checking: ‘RGtk2’
Flavors: r-devel-linux-x86_64-debian-clang, r-devel-linux-x86_64-debian-gcc, r-devel-linux-x86_64-fedora-clang, r-devel-linux-x86_64-fedora-gcc, r-devel-windows-x86_64, r-patched-linux-x86_64, r-release-linux-x86_64, r-release-macos-arm64, r-release-macos-x86_64, r-release-windows-x86_64, r-oldrel-macos-arm64, r-oldrel-macos-x86_64, r-oldrel-windows-x86_64
Version: 0.3.3
Check: Rd files
Result: NOTE
checkRd: (-1) QANOVA.Rd:62: Lost braces in \itemize; meant \describe ?
checkRd: (-1) QANOVA.Rd:63: Lost braces in \itemize; meant \describe ?
checkRd: (-1) QANOVA.Rd:64-66: Lost braces in \itemize; meant \describe ?
checkRd: (-1) QANOVA.Rd:67: Lost braces in \itemize; meant \describe ?
Flavors: r-devel-linux-x86_64-debian-clang, r-devel-linux-x86_64-debian-gcc