CRAN Package Check Results for Package GLMMadaptive

Last updated on 2024-06-12 20:58:58 CEST.

Flavor Version Tinstall Tcheck Ttotal Status Flags
r-devel-linux-x86_64-debian-clang 0.9-1 7.08 180.39 187.47 OK
r-devel-linux-x86_64-debian-gcc 0.9-1 8.26 109.56 117.82 NOTE
r-devel-linux-x86_64-fedora-clang 0.9-1 232.27 OK
r-devel-linux-x86_64-fedora-gcc 0.9-1 234.47 OK
r-devel-windows-x86_64 0.9-1 9.00 147.00 156.00 OK
r-patched-linux-x86_64 0.9-1 8.10 171.18 179.28 OK
r-release-linux-x86_64 0.9-1 9.39 168.98 178.37 OK
r-release-macos-arm64 0.9-1 70.00 OK
r-release-macos-x86_64 0.9-1 106.00 OK
r-release-windows-x86_64 0.9-1 10.00 151.00 161.00 OK
r-oldrel-macos-arm64 0.9-1 77.00 OK
r-oldrel-macos-x86_64 0.9-1 181.00 OK
r-oldrel-windows-x86_64 0.9-1 17.00 192.00 209.00 OK

Check Details

Version: 0.9-1
Check: package dependencies
Result: NOTE Packages suggested but not available for checking: 'pkgdown', 'effects', 'DHARMa' Flavor: r-devel-linux-x86_64-debian-gcc