CRAN Package Check Results for Package GLMMcosinor

Last updated on 2024-06-12 20:58:58 CEST.

Flavor Version Tinstall Tcheck Ttotal Status Flags
r-devel-linux-x86_64-debian-clang 0.2.0 8.31 209.83 218.14 OK
r-devel-linux-x86_64-debian-gcc 0.2.0 0.56 1.72 2.28 ERROR
r-devel-linux-x86_64-fedora-clang 0.2.0 275.46 OK
r-devel-linux-x86_64-fedora-gcc 0.2.0 278.26 OK
r-devel-windows-x86_64 0.2.0 8.00 178.00 186.00 OK
r-patched-linux-x86_64 0.2.0 7.60 207.64 215.24 OK
r-release-linux-x86_64 0.2.0 9.41 208.05 217.46 OK
r-release-macos-arm64 0.2.0 91.00 OK
r-release-macos-x86_64 0.2.0 162.00 OK
r-release-windows-x86_64 0.2.0 9.00 179.00 188.00 OK
r-oldrel-macos-arm64 0.2.0 96.00 OK
r-oldrel-macos-x86_64 0.2.0 209.00 OK
r-oldrel-windows-x86_64 0.2.0 10.00 230.00 240.00 OK

Check Details

Version: 0.2.0
Check: package dependencies
Result: ERROR Packages required but not available: 'cowplot', 'ggforce', 'ggplot2', 'glmmTMB', 'lme4' Packages suggested but not available for checking: 'cosinor', 'DHARMa', 'dplyr', 'ftExtra', 'testthat', 'vdiffr' See section ‘The DESCRIPTION file’ in the ‘Writing R Extensions’ manual. Flavor: r-devel-linux-x86_64-debian-gcc