Last updated on 2023-12-01 18:50:58 CET.
Flavor | Version | Tinstall | Tcheck | Ttotal | Status | Flags |
---|---|---|---|---|---|---|
r-devel-linux-x86_64-debian-clang | 1.4 | 40.34 | 216.30 | 256.64 | NOTE | |
r-devel-linux-x86_64-debian-gcc | 1.4 | 27.28 | 155.28 | 182.56 | NOTE | |
r-devel-linux-x86_64-fedora-clang | 1.4 | 319.82 | OK | |||
r-devel-linux-x86_64-fedora-gcc | 1.4 | 326.17 | OK | |||
r-devel-windows-x86_64 | 1.4 | 32.00 | 263.00 | 295.00 | OK | |
r-patched-linux-x86_64 | 1.4 | 32.91 | 203.61 | 236.52 | OK | |
r-release-linux-x86_64 | 1.4 | 37.69 | 203.71 | 241.40 | OK | |
r-release-macos-arm64 | 1.4 | 97.00 | OK | |||
r-release-macos-x86_64 | 1.4 | 201.00 | OK | |||
r-release-windows-x86_64 | 1.4 | 47.00 | 300.00 | 347.00 | OK | |
r-oldrel-macos-arm64 | 1.4 | 87.00 | OK | |||
r-oldrel-macos-x86_64 | 1.4 | 120.00 | OK | |||
r-oldrel-windows-x86_64 | 1.4 | 38.00 | 308.00 | 346.00 | OK |
Version: 1.4
Check: Rd files
Result: NOTE
checkRd: (-1) rtheta.Rd:50-76: Lost braces in \itemize; meant \describe ?
Flavors: r-devel-linux-x86_64-debian-clang, r-devel-linux-x86_64-debian-gcc