Last updated on 2023-12-06 18:52:45 CET.
Flavor | Version | Tinstall | Tcheck | Ttotal | Status | Flags |
---|---|---|---|---|---|---|
r-devel-linux-x86_64-debian-clang | 1.8 | 14.02 | 117.05 | 131.07 | OK | |
r-devel-linux-x86_64-debian-gcc | 1.8 | 10.42 | 87.22 | 97.64 | OK | |
r-devel-linux-x86_64-fedora-clang | 1.8 | 159.99 | NOTE | |||
r-devel-linux-x86_64-fedora-gcc | 1.8 | 152.46 | OK | |||
r-devel-windows-x86_64 | 1.8 | 12.00 | 99.00 | 111.00 | OK | |
r-patched-linux-x86_64 | 1.8 | 9.17 | 111.60 | 120.77 | OK | |
r-release-linux-x86_64 | 1.8 | 10.25 | 110.66 | 120.91 | OK | |
r-release-macos-arm64 | 1.8 | 48.00 | OK | |||
r-release-macos-x86_64 | 1.8 | 82.00 | NOTE | |||
r-release-windows-x86_64 | 1.8 | 16.00 | 118.00 | 134.00 | OK | |
r-oldrel-macos-arm64 | 1.8 | 45.00 | OK | |||
r-oldrel-macos-x86_64 | 1.8 | 68.00 | OK | |||
r-oldrel-windows-x86_64 | 1.8 | 16.00 | 122.00 | 138.00 | OK |
Version: 1.8
Check: Rd cross-references
Result: NOTE
Undeclared package ‘caret’ in Rd xrefs
Flavor: r-devel-linux-x86_64-fedora-clang
Version: 1.8
Check: Rd cross-references
Result: NOTE
Package unavailable to check Rd xrefs: ‘caret’
Flavor: r-release-macos-x86_64