Last updated on 2023-11-30 18:49:31 CET.
Flavor | Version | Tinstall | Tcheck | Ttotal | Status | Flags |
---|---|---|---|---|---|---|
r-devel-linux-x86_64-debian-clang | 3.0.1 | 46.14 | 37.83 | 83.97 | NOTE | |
r-devel-linux-x86_64-debian-gcc | 3.0.1 | 38.33 | 28.61 | 66.94 | NOTE | |
r-devel-linux-x86_64-fedora-clang | 3.0.1 | 125.68 | NOTE | |||
r-devel-linux-x86_64-fedora-gcc | 3.0.1 | 123.99 | NOTE | |||
r-devel-windows-x86_64 | 3.0.1 | 41.00 | 74.00 | 115.00 | NOTE | |
r-patched-linux-x86_64 | 3.0.1 | 41.63 | 36.54 | 78.17 | NOTE | |
r-release-linux-x86_64 | 3.0.1 | 51.79 | 36.24 | 88.03 | NOTE | |
r-release-macos-arm64 | 3.0.1 | 38.00 | NOTE | |||
r-release-macos-x86_64 | 3.0.1 | 60.00 | NOTE | |||
r-release-windows-x86_64 | 3.0.1 | 52.00 | 80.00 | 132.00 | NOTE | |
r-oldrel-macos-arm64 | 3.0.1 | 35.00 | OK | |||
r-oldrel-macos-x86_64 | 3.0.1 | 44.00 | OK | |||
r-oldrel-windows-x86_64 | 3.0.1 | 51.00 | 79.00 | 130.00 | OK |
Version: 3.0.1
Check: C++ specification
Result: NOTE
Specified C++11: please drop specification unless essential
Flavors: r-devel-linux-x86_64-debian-clang, r-devel-linux-x86_64-debian-gcc, r-devel-linux-x86_64-fedora-clang, r-devel-linux-x86_64-fedora-gcc, r-devel-windows-x86_64, r-patched-linux-x86_64, r-release-linux-x86_64, r-release-macos-arm64, r-release-macos-x86_64, r-release-windows-x86_64
Version: 3.0.1
Check: Rd files
Result: NOTE
checkRd: (-1) Auxil.Rd:27: Lost braces in \itemize; \value handles \item{}{} directly
checkRd: (-1) Auxil.Rd:28: Lost braces in \itemize; \value handles \item{}{} directly
checkRd: (-1) Auxil.Rd:29: Lost braces in \itemize; \value handles \item{}{} directly
checkRd: (-1) Auxil.Rd:30: Lost braces in \itemize; \value handles \item{}{} directly
checkRd: (-1) Fit.Rd:39: Lost braces in \itemize; \value handles \item{}{} directly
checkRd: (-1) Fit.Rd:40: Lost braces in \itemize; \value handles \item{}{} directly
checkRd: (-1) Fit.Rd:41: Lost braces in \itemize; \value handles \item{}{} directly
checkRd: (-1) Fit.Rd:42: Lost braces in \itemize; \value handles \item{}{} directly
checkRd: (-1) Fit.Rd:43: Lost braces in \itemize; \value handles \item{}{} directly
checkRd: (-1) Predict.Rd:21: Lost braces in \itemize; \value handles \item{}{} directly
checkRd: (-1) Predict.Rd:22: Lost braces in \itemize; \value handles \item{}{} directly
checkRd: (-1) Predict.Rd:23: Lost braces in \itemize; \value handles \item{}{} directly
Flavors: r-devel-linux-x86_64-debian-clang, r-devel-linux-x86_64-debian-gcc