CRAN Package Check Results for Package GWI

Last updated on 2023-11-30 18:49:31 CET.

Flavor Version Tinstall Tcheck Ttotal Status Flags
r-devel-linux-x86_64-debian-clang 1.0.2 1.79 21.86 23.65 NOTE
r-devel-linux-x86_64-debian-gcc 1.0.2 1.32 16.83 18.15 NOTE
r-devel-linux-x86_64-fedora-clang 1.0.2 29.66 NOTE
r-devel-linux-x86_64-fedora-gcc 1.0.2 28.41 NOTE
r-devel-windows-x86_64 1.0.2 11.00 38.00 49.00 NOTE
r-patched-linux-x86_64 1.0.2 2.14 21.51 23.65 NOTE
r-release-linux-x86_64 1.0.2 2.14 21.33 23.47 NOTE
r-release-macos-arm64 1.0.2 16.00 NOTE
r-release-macos-x86_64 1.0.2 19.00 NOTE
r-release-windows-x86_64 1.0.2 4.00 36.00 40.00 NOTE
r-oldrel-macos-arm64 1.0.2 15.00 NOTE
r-oldrel-macos-x86_64 1.0.2 18.00 NOTE
r-oldrel-windows-x86_64 1.0.2 7.00 42.00 49.00 NOTE

Check Details

Version: 1.0.2
Check: LazyData
Result: NOTE 'LazyData' is specified without a 'data' directory Flavors: r-devel-linux-x86_64-debian-clang, r-devel-linux-x86_64-debian-gcc, r-devel-linux-x86_64-fedora-clang, r-devel-linux-x86_64-fedora-gcc, r-devel-windows-x86_64, r-patched-linux-x86_64, r-release-linux-x86_64, r-release-macos-arm64, r-release-macos-x86_64, r-release-windows-x86_64, r-oldrel-macos-arm64, r-oldrel-macos-x86_64, r-oldrel-windows-x86_64