Last updated on 2023-06-05 20:57:38 CEST.
Flavor | Version | Tinstall | Tcheck | Ttotal | Status | Flags |
---|---|---|---|---|---|---|
r-devel-linux-x86_64-debian-clang | 1.2.6 | 70.63 | 153.65 | 224.28 | NOTE | |
r-devel-linux-x86_64-debian-gcc | 1.2.6 | 58.03 | 111.30 | 169.33 | NOTE | |
r-devel-linux-x86_64-fedora-clang | 1.2.6 | 462.10 | NOTE | |||
r-devel-linux-x86_64-fedora-gcc | 1.2.6 | 497.43 | NOTE | |||
r-devel-windows-x86_64 | 1.2.6 | 58.00 | 123.00 | 181.00 | NOTE | |
r-patched-linux-x86_64 | 1.2.6 | 59.97 | 149.03 | 209.00 | NOTE | |
r-release-linux-x86_64 | 1.2.6 | 52.27 | 148.86 | 201.13 | NOTE | |
r-release-macos-arm64 | 1.2.6 | 254.00 | NOTE | |||
r-release-macos-x86_64 | 1.2.5 | 107.00 | NOTE | |||
r-release-windows-x86_64 | 1.2.6 | 75.00 | 160.00 | 235.00 | NOTE | |
r-oldrel-macos-arm64 | 1.2.6 | 238.00 | NOTE | |||
r-oldrel-macos-x86_64 | 1.2.6 | 439.00 | NOTE | |||
r-oldrel-windows-x86_64 | 1.2.6 | 70.00 | 149.00 | 219.00 | NOTE |
Version: 1.2.6
Check: for GNU extensions in Makefiles
Result: NOTE
GNU make is a SystemRequirements.
Flavors: r-devel-linux-x86_64-debian-clang, r-devel-linux-x86_64-debian-gcc, r-devel-linux-x86_64-fedora-clang, r-devel-linux-x86_64-fedora-gcc, r-devel-windows-x86_64, r-patched-linux-x86_64, r-release-linux-x86_64, r-release-macos-arm64, r-release-windows-x86_64, r-oldrel-macos-arm64, r-oldrel-macos-x86_64, r-oldrel-windows-x86_64
Version: 1.2.5
Check: C++ specification
Result: NOTE
Specified C++11: please drop specification unless essential
Flavor: r-release-macos-x86_64
Version: 1.2.5
Check: for GNU extensions in Makefiles
Result: NOTE
GNU make is a SystemRequirements.
Flavor: r-release-macos-x86_64