Last updated on 2023-12-02 18:53:42 CET.
Flavor | Version | Tinstall | Tcheck | Ttotal | Status | Flags |
---|---|---|---|---|---|---|
r-devel-linux-x86_64-debian-clang | 1.0.2 | 4.27 | 36.21 | 40.48 | NOTE | |
r-devel-linux-x86_64-debian-gcc | 1.0.2 | 3.46 | 27.56 | 31.02 | NOTE | |
r-devel-linux-x86_64-fedora-clang | 1.0.2 | 51.04 | NOTE | |||
r-devel-linux-x86_64-fedora-gcc | 1.0.2 | 48.93 | NOTE | |||
r-devel-windows-x86_64 | 1.0.2 | 6.00 | 50.00 | 56.00 | OK | |
r-patched-linux-x86_64 | 1.0.2 | 2.91 | 35.53 | 38.44 | NOTE | |
r-release-linux-x86_64 | 1.0.2 | 3.39 | 35.78 | 39.17 | NOTE | |
r-release-macos-arm64 | 1.0.2 | 22.00 | OK | |||
r-release-macos-x86_64 | 1.0.2 | 29.00 | OK | |||
r-release-windows-x86_64 | 1.0.2 | 7.00 | 52.00 | 59.00 | OK | |
r-oldrel-macos-arm64 | 1.0.2 | 34.00 | NOTE | |||
r-oldrel-macos-x86_64 | 1.0.2 | 27.00 | NOTE | |||
r-oldrel-windows-x86_64 | 1.0.2 | 8.00 | 59.00 | 67.00 | OK |
Version: 1.0.2
Check: package dependencies
Result: NOTE
Package suggested but not available for checking: ‘rgdal’
Flavors: r-devel-linux-x86_64-debian-clang, r-devel-linux-x86_64-debian-gcc, r-devel-linux-x86_64-fedora-clang, r-devel-linux-x86_64-fedora-gcc, r-patched-linux-x86_64, r-release-linux-x86_64
Version: 1.0.2
Check: dependencies in R code
Result: NOTE
Namespaces in Imports field not imported from:
‘DT’ ‘GWmodel’ ‘beepr’ ‘cartography’ ‘dplyr’ ‘raster’ ‘readxl’
‘shinyBS’ ‘shinyWidgets’ ‘shinyalert’ ‘shinybusy’ ‘shinyjs’ ‘sp’
‘spdep’
All declared Imports should be used.
Flavors: r-devel-linux-x86_64-fedora-clang, r-devel-linux-x86_64-fedora-gcc, r-oldrel-macos-arm64, r-oldrel-macos-x86_64