Last updated on 2023-12-05 18:49:25 CET.
Flavor | Version | Tinstall | Tcheck | Ttotal | Status | Flags |
---|---|---|---|---|---|---|
r-devel-linux-x86_64-debian-clang | 0.92 | 12.36 | 99.71 | 112.07 | OK | |
r-devel-linux-x86_64-debian-gcc | 0.92 | 9.37 | 74.25 | 83.62 | OK | |
r-devel-linux-x86_64-fedora-clang | 0.92 | 142.74 | NOTE | |||
r-devel-linux-x86_64-fedora-gcc | 0.92 | 139.91 | OK | |||
r-devel-windows-x86_64 | 0.92 | 11.00 | 87.00 | 98.00 | OK | |
r-patched-linux-x86_64 | 0.92 | 12.42 | 96.69 | 109.11 | OK | |
r-release-linux-x86_64 | 0.92 | 12.63 | 96.67 | 109.30 | OK | |
r-release-macos-arm64 | 0.92 | 41.00 | OK | |||
r-release-macos-x86_64 | 0.92 | 70.00 | OK | |||
r-release-windows-x86_64 | 0.92 | 14.00 | 107.00 | 121.00 | OK | |
r-oldrel-macos-arm64 | 0.92 | 40.00 | OK | |||
r-oldrel-macos-x86_64 | 0.92 | 75.00 | OK | |||
r-oldrel-windows-x86_64 | 0.92 | 14.00 | 114.00 | 128.00 | OK |
Version: 0.92
Check: Rd cross-references
Result: NOTE
Undeclared package ‘goftest’ in Rd xrefs
Flavor: r-devel-linux-x86_64-fedora-clang