CRAN Package Check Results for Package Greg

Last updated on 2023-12-11 18:53:29 CET.

Flavor Version Tinstall Tcheck Ttotal Status Flags
r-devel-linux-x86_64-debian-clang 2.0.1 24.43 245.66 270.09 NOTE
r-devel-linux-x86_64-debian-gcc 2.0.1 18.36 181.63 199.99 NOTE
r-devel-linux-x86_64-fedora-clang 2.0.1 329.80 NOTE
r-devel-linux-x86_64-fedora-gcc 2.0.1 324.46 NOTE
r-devel-windows-x86_64 2.0.1 20.00 190.00 210.00 NOTE
r-patched-linux-x86_64 2.0.1 31.04 241.32 272.36 OK
r-release-linux-x86_64 2.0.1 21.61 233.06 254.67 OK
r-release-macos-arm64 2.0.1 101.00 OK
r-release-macos-x86_64 2.0.1 164.00 OK
r-release-windows-x86_64 2.0.1 27.00 243.00 270.00 OK
r-oldrel-macos-arm64 2.0.1 105.00 OK
r-oldrel-macos-x86_64 2.0.1 124.00 OK
r-oldrel-windows-x86_64 2.0.1 26.00 235.00 261.00 OK

Check Details

Version: 2.0.1
Check: Rd \usage sections
Result: NOTE Documented arguments not in \usage in Rd file 'prCaSetRownames.Rd': ‘rownames.fn’ Documented arguments not in \usage in Rd file 'prClearPCAclass.Rd': ‘...’ Functions with \usage entries need to have the appropriate \alias entries, and all their arguments documented. The \usage entries must correspond to syntactically valid R code. See chapter ‘Writing R documentation files’ in the ‘Writing R Extensions’ manual. Flavors: r-devel-linux-x86_64-debian-clang, r-devel-linux-x86_64-debian-gcc, r-devel-linux-x86_64-fedora-clang, r-devel-linux-x86_64-fedora-gcc, r-devel-windows-x86_64