CRAN Package Check Results for Package HCTR

Last updated on 2024-02-24 18:54:52 CET.

Flavor Version Tinstall Tcheck Ttotal Status Flags
r-devel-linux-x86_64-debian-clang 0.1.1 7.92 81.63 89.55 NOTE
r-devel-linux-x86_64-debian-gcc 0.1.1 6.69 63.50 70.19 NOTE
r-devel-linux-x86_64-fedora-clang 0.1.1 112.53 NOTE
r-devel-linux-x86_64-fedora-gcc 0.1.1 108.97 NOTE
r-devel-windows-x86_64 0.1.1 7.00 88.00 95.00 NOTE
r-patched-linux-x86_64 0.1.1 8.43 82.72 91.15 NOTE
r-release-linux-x86_64 0.1.1 8.39 81.86 90.25 NOTE
r-release-macos-arm64 0.1.1 40.00 NOTE
r-release-macos-x86_64 0.1.1 58.00 NOTE
r-release-windows-x86_64 0.1.1 11.00 96.00 107.00 NOTE
r-oldrel-macos-arm64 0.1.1 36.00 NOTE
r-oldrel-windows-x86_64 0.1.1 10.00 106.00 116.00 NOTE

Check Details

Version: 0.1.1
Check: LazyData
Result: NOTE 'LazyData' is specified without a 'data' directory Flavors: r-devel-linux-x86_64-debian-clang, r-devel-linux-x86_64-debian-gcc, r-devel-linux-x86_64-fedora-clang, r-devel-linux-x86_64-fedora-gcc, r-devel-windows-x86_64, r-patched-linux-x86_64, r-release-linux-x86_64, r-release-macos-arm64, r-release-macos-x86_64, r-release-windows-x86_64, r-oldrel-macos-arm64, r-oldrel-windows-x86_64