Last updated on 2025-01-22 20:49:31 CET.
Flavor | Version | Tinstall | Tcheck | Ttotal | Status | Flags |
---|---|---|---|---|---|---|
r-devel-linux-x86_64-debian-clang | 2.0.3 | 6.15 | 52.54 | 58.69 | NOTE | |
r-devel-linux-x86_64-debian-gcc | 2.0.6 | 4.31 | 37.14 | 41.45 | OK | |
r-devel-linux-x86_64-fedora-clang | 2.0.6 | 93.01 | OK | |||
r-devel-linux-x86_64-fedora-gcc | 2.0.6 | 85.74 | OK | |||
r-devel-windows-x86_64 | 2.0.6 | 11.00 | 84.00 | 95.00 | OK | |
r-patched-linux-x86_64 | 2.0.3 | 5.53 | 46.43 | 51.96 | OK | |
r-release-linux-x86_64 | 2.0.3 | 5.45 | 45.88 | 51.33 | OK | |
r-release-macos-arm64 | 2.0.3 | 30.00 | OK | |||
r-release-macos-x86_64 | 2.0.6 | 58.00 | OK | |||
r-release-windows-x86_64 | 2.0.3 | 8.00 | 64.00 | 72.00 | OK | |
r-oldrel-macos-arm64 | 2.0.3 | 27.00 | OK | |||
r-oldrel-macos-x86_64 | 2.0.3 | 54.00 | OK | |||
r-oldrel-windows-x86_64 | 2.0.6 | 12.00 | 78.00 | 90.00 | OK |
Version: 2.0.3
Check: DESCRIPTION meta-information
Result: NOTE
Language field contains the following invalid language tags:
‘en-US’
Flavor: r-devel-linux-x86_64-debian-clang