Last updated on 2023-12-06 18:52:46 CET.
Flavor | Version | Tinstall | Tcheck | Ttotal | Status | Flags |
---|---|---|---|---|---|---|
r-devel-linux-x86_64-debian-clang | 2.0.1 | 13.40 | 118.69 | 132.09 | OK | |
r-devel-linux-x86_64-debian-gcc | 2.0.1 | 10.87 | 88.08 | 98.95 | OK | |
r-devel-linux-x86_64-fedora-clang | 2.0.1 | 158.37 | NOTE | |||
r-devel-linux-x86_64-fedora-gcc | 2.0.1 | 163.54 | OK | |||
r-devel-windows-x86_64 | 2.0.1 | 13.00 | 121.00 | 134.00 | OK | |
r-patched-linux-x86_64 | 2.0.1 | 11.42 | 112.78 | 124.20 | OK | |
r-release-linux-x86_64 | 2.0.1 | 13.64 | 115.62 | 129.26 | OK | |
r-release-macos-arm64 | 2.0.1 | 64.00 | OK | |||
r-release-macos-x86_64 | 2.0.1 | 91.00 | OK | |||
r-release-windows-x86_64 | 2.0.1 | 18.00 | 138.00 | 156.00 | OK | |
r-oldrel-macos-arm64 | 2.0.1 | 51.00 | OK | |||
r-oldrel-macos-x86_64 | 2.0.1 | 96.00 | OK | |||
r-oldrel-windows-x86_64 | 2.0.1 | 16.00 | 143.00 | 159.00 | OK |
Version: 2.0.1
Check: Rd cross-references
Result: NOTE
Undeclared package ‘genalg’ in Rd xrefs
Flavor: r-devel-linux-x86_64-fedora-clang