CRAN Package Check Results for Package HSPOR

Last updated on 2024-02-20 18:49:25 CET.

Flavor Version Tinstall Tcheck Ttotal Status Flags
r-devel-linux-x86_64-debian-clang 1.1.9 NOTE
r-devel-linux-x86_64-debian-gcc 1.1.9 11.58 83.93 95.51 NOTE
r-devel-linux-x86_64-fedora-clang 1.1.9 157.44 NOTE
r-devel-linux-x86_64-fedora-gcc 1.1.9 151.24 NOTE
r-devel-windows-x86_64 1.1.9 14.00 89.00 103.00 NOTE
r-patched-linux-x86_64 1.1.9 11.05 111.81 122.86 NOTE
r-release-linux-x86_64 1.1.9 9.99 109.60 119.59 NOTE
r-release-macos-arm64 1.1.9 49.00 NOTE
r-release-macos-x86_64 1.1.9 75.00 NOTE
r-release-windows-x86_64 1.1.9 18.00 108.00 126.00 NOTE
r-oldrel-macos-arm64 1.1.9 43.00 NOTE
r-oldrel-windows-x86_64 1.1.9 19.00 107.00 126.00 NOTE

Check Details

Version: 1.1.9
Check: LazyData
Result: NOTE 'LazyData' is specified without a 'data' directory Flavors: r-devel-linux-x86_64-debian-clang, r-devel-linux-x86_64-debian-gcc, r-devel-linux-x86_64-fedora-clang, r-devel-linux-x86_64-fedora-gcc, r-devel-windows-x86_64, r-patched-linux-x86_64, r-release-linux-x86_64, r-release-macos-arm64, r-release-macos-x86_64, r-release-windows-x86_64, r-oldrel-macos-arm64, r-oldrel-windows-x86_64