CRAN Package Check Results for Package HadamardR

Last updated on 2024-07-24 20:52:23 CEST.

Flavor Version Tinstall Tcheck Ttotal Status Flags
r-devel-linux-x86_64-debian-clang 1.0.0 5.88 36.59 42.47 NOTE
r-devel-linux-x86_64-debian-gcc 1.0.0 3.35 27.96 31.31 NOTE
r-devel-linux-x86_64-fedora-clang 1.0.0 55.42 NOTE
r-devel-linux-x86_64-fedora-gcc 1.0.0 52.53 NOTE
r-devel-windows-x86_64 1.0.0 5.00 59.00 64.00 NOTE
r-patched-linux-x86_64 1.0.0 6.40 34.76 41.16 NOTE
r-release-linux-x86_64 1.0.0 4.48 34.85 39.33 NOTE
r-release-macos-arm64 1.0.0 17.00 NOTE
r-release-macos-x86_64 1.0.0 29.00 NOTE
r-release-windows-x86_64 1.0.0 5.00 59.00 64.00 NOTE
r-oldrel-macos-arm64 1.0.0 19.00 NOTE
r-oldrel-macos-x86_64 1.0.0 29.00 NOTE
r-oldrel-windows-x86_64 1.0.0 6.00 63.00 69.00 NOTE

Check Details

Version: 1.0.0
Check: LazyData
Result: NOTE 'LazyData' is specified without a 'data' directory Flavors: r-devel-linux-x86_64-debian-clang, r-devel-linux-x86_64-debian-gcc, r-devel-linux-x86_64-fedora-clang, r-devel-linux-x86_64-fedora-gcc, r-devel-windows-x86_64, r-patched-linux-x86_64, r-release-linux-x86_64, r-release-macos-arm64, r-release-macos-x86_64, r-release-windows-x86_64, r-oldrel-macos-arm64, r-oldrel-macos-x86_64, r-oldrel-windows-x86_64